5198583.
51
Calculate the highest common divisor of 4446750 and 19950.
1050
Calculate the highest common divisor of 1346345 and 273.
91
What is the highest common factor of 39789614 and 316?
158
Calculate the highest common factor of 338 and 9981855.
13
Calculate the greatest common factor of 7793633 and 51.
17
What is the highest common divisor of 284 and 5046254?
142
Calculate the highest common factor of 13612374 and 28971.
999
Calculate the greatest common divisor of 1123 and 71247.
1
What is the greatest common factor of 1605681 and 429?
33
What is the greatest common divisor of 34 and 62180254?
34
What is the highest common factor of 108486326 and 26?
26
What is the highest common divisor of 16181536 and 4452?
1484
What is the highest common divisor of 880 and 3713655?
55
What is the greatest common factor of 1860 and 49032?
12
Calculate the greatest common divisor of 29782540 and 220.
20
Calculate the greatest common divisor of 3802009 and 75485.
487
What is the highest common divisor of 43972692 and 13980?
2796
Calculate the highest common factor of 25268920 and 640.
40
Calculate the highest common factor of 22779 and 25821.
9
Calculate the highest common factor of 362274 and 150698.
998
What is the greatest common factor of 69218 and 39035034?
1306
Calculate the highest common divisor of 15227375 and 18275.
1075
What is the greatest common divisor of 67380038 and 116028?
6446
What is the greatest common divisor of 1053 and 7962903?
117
Calculate the greatest common divisor of 6496172 and 44.
4
What is the highest common divisor of 18389938 and 266?
14
Calculate the greatest common factor of 187540 and 98620.
20
What is the greatest common factor of 38096176 and 32?
16
What is the greatest common divisor of 1116788 and 3659024?
5612
Calculate the greatest common factor of 324441 and 4880421.
6903
What is the greatest common divisor of 4400942 and 994?
14
Calculate the highest common divisor of 247 and 13259587.
19
Calculate the highest common divisor of 12944546 and 5944.
1486
What is the highest common divisor of 19346745 and 1295?
185
What is the greatest common factor of 3735072 and 8?
8
Calculate the highest common divisor of 1842780 and 7940.
20
What is the greatest common factor of 11682 and 34752003?
1947
What is the greatest common divisor of 71219 and 84592?
311
Calculate the highest common factor of 255249 and 180577.
359
What is the highest common divisor of 1083 and 20363896?
19
What is the highest common factor of 79929960 and 10032?
5016
What is the highest common factor of 3174939 and 882?
9
Calculate the greatest common divisor of 52037209 and 11529.
427
What is the greatest common factor of 7842 and 8538631?
1307
What is the highest common factor of 72405 and 7605?
45
Calculate the greatest common factor of 25422 and 11208426.
1338
Calculate the greatest common factor of 18 and 10038474.
18
What is the greatest common factor of 62 and 166802?
2
What is the greatest common divisor of 8 and 14260796?
4
Calculate the greatest common divisor of 33936579 and 102646.
3019
Calculate the highest common factor of 23294754 and 378.
126
Calculate the greatest common factor of 2616292 and 35518.
602
Calculate the greatest common factor of 31220910 and 10.
10
Calculate the greatest common divisor of 24534 and 13554.
18
Calculate the highest common divisor of 2326721915 and 3755.
3755
What is the highest common divisor of 172365 and 5295?
15
Calculate the highest common factor of 204 and 505048.
4
What is the highest common divisor of 6732 and 9271647?
1683
What is the greatest common divisor of 919330724 and 1964?
1964
What is the highest common factor of 51689970 and 2070?
2070
Calculate the greatest common divisor of 416730 and 319290.
870
Calculate the greatest common factor of 301 and 903946.
43
Calculate the highest common factor of 102 and 19452063.
51
What is the greatest common divisor of 15552 and 828288?
576
Calculate the greatest common divisor of 104324277 and 23093.
3299
What is the greatest common divisor of 77 and 147291375?
77
What is the greatest common divisor of 19 and 2279867?
19
Calculate the highest common divisor of 224624 and 1641173.
139
What is the greatest common factor of 16338 and 99246?
42
Calculate the greatest common factor of 35178 and 4662438.
2706
What is the greatest common divisor of 3686 and 1825928?
194
What is the highest common factor of 132672098 and 25688?
6422
Calculate the greatest common divisor of 16279 and 18063.
223
Calculate the highest common divisor of 544 and 7371948.
68
What is the greatest common factor of 141125 and 10437605?
5645
What is the greatest common factor of 16475713 and 1346?
673
Calculate the greatest common divisor of 1789 and 1131021901.
1789
Calculate the greatest common divisor of 144160816 and 8.
8
Calculate the highest common factor of 20 and 635380.
20
Calculate the greatest common factor of 799945 and 166105.
695
Calculate the highest common factor of 120 and 10308912.
24
What is the highest common divisor of 255610 and 1130?
10
Calculate the highest common divisor of 57367688 and 9576.
1064
What is the highest common factor of 388 and 244233778?
194
Calculate the greatest common factor of 2507256 and 25220.
388
Calculate the greatest common divisor of 118399221 and 9270.
927
What is the greatest common factor of 9638478 and 90?
18
Calculate the highest common divisor of 150 and 8840550.
150
What is the highest common factor of 36645 and 18165?
105
What is the greatest common factor of 62371162 and 658?
658
What is the greatest common factor of 2099097 and 215991?
2097
What is the greatest common divisor of 37634 and 9554180?
1214
What is the greatest common factor of 27 and 1404776142?
27
Calculate the greatest common factor of 1528 and 1384177.
191
Calculate the greatest common divisor of 8 and 1358584.
8
Calculate the highest common factor of 1985804 and 510.
34
What is the highest common factor of 224 and 6371484?
28
What is the greatest common factor of 2350 and 80942?
2
Calculate the greatest common factor of 598 and 1669341518.
598
Calculate the highest common factor of 658160 and 5434.
38
What is the highest common factor of 18463 and 323195?
37
Calculate the greatest common factor of 238672 and 1382192.
112
What is the highest common divisor of 64505300 and 123?
41
What is the highest common divisor of 26059765 and 127?
127
Calculate the greatest common divisor of 17545332 and 19398.
318
Calculate the highest common factor of 106 and 6697666.
2
Calculate the greatest common factor of 45362 and 18981.
37
What is the greatest common factor of 5075 and 360615?
145
What is the highest common factor of 760 and 12578000?
760
What is the highest common divisor of 459 and 3841660?
17
What is the greatest common divisor of 2710190 and 1078?
98
Calculate the greatest common factor of 494389 and 11123.
7
What is the greatest common divisor of 154 and 4104205?
7
Calculate the highest common factor of 1079769 and 318.
159
What is the highest common factor of 4237577 and 1387?
73
What is the highest common factor of 708 and 425962772?
236
Calculate the greatest common factor of 435402 and 88803.
297
What is the greatest common divisor of 455992 and 2624?
8
What is the highest common divisor of 303201444 and 2184?
1092
Calculate the highest common divisor of 25049 and 96903.
37
Calculate the highest common divisor of 375190 and 105740.
170
Calculate the highest common divisor of 22272 and 918256.
464
What is the greatest common factor of 204 and 2748804?
12
What is the greatest common divisor of 835080 and 8115?
15
What is the greatest common divisor of 554717 and 603807?
4909
Calculate the greatest common divisor of 22552351 and 69.
23
What is the greatest common divisor of 11086653 and 6?
3
Calculate the greatest common factor of 7474500 and 7766.
22
What is the highest common factor of 25428 and 102281196?
1956
Calculate the greatest common divisor of 3209234 and 24108.
574
Calculate the greatest common factor of 24034990 and 245.
245
What is the greatest common divisor of 57456 and 179774?
14
What is the highest common factor of 33491 and 1157098?
107
Calculate the highest common divisor of 11090 and 68350.
10
What is the highest common divisor of 178304